ppose 0 = -3*w + 3*p + 153, w = p + 3*p + 54. Let s = -35 + w. Calculate the highest common factor of 135 and s.
15
Suppose 16*g - 6*g - 3410 = 0. Calculate the highest common factor of 31 and g.
31
Suppose 0 = 3*z + 3*a + 330, -3*z - 4*a + 330 = -6*z. Let v = z - -154. What is the highest common divisor of 4 and v?
4
Suppose 0 = 4*x + 2*y + 10, 5*y + 23 = -x - 2. Let o(c) = -c**3 - c + 21. Let i be o(x). What is the greatest common divisor of i and 3?
3
Let x be (-10)/4*24/(-30). Suppose -4*z + 6 = -d, 9 = -d + x*d + z. What is the highest common divisor of 15 and d?
3
Suppose z = 5*z - 8. Suppose 2*f - f - 1 = z*o, -5*f - 2*o + 29 = 0. Calculate the highest common divisor of 5 and f.
5
Let z = -52 - -55. Calculate the greatest common divisor of 6 and z.
3
Let m(n) = n**3 - 6*n**2 + 4*n + 12. Let h be m(5). Calculate the highest common factor of 56 and h.
7
Suppose -5*d + 2*d = -105. What is the highest common factor of 5 and d?
5
Let r = 16 + 29. What is the highest common factor of 9 and r?
9
Let j = -40 - -64. Let q be ((-3)/4)/((-1)/j). Calculate the highest common divisor of q and 198.
18
Let x = -11 + 3. Let b(o) = -2*o - 8. Let k be b(x). What is the highest common factor of k and 56?
8
Let y = 33 + -8. Let d = 6 - -1. Let l = y - d. What is the greatest common divisor of l and 36?
18
Let l = -4 + 16. Suppose -35 = -4*c + 3*j, 2 - 27 = 5*j. Suppose 0 = c*q - w - 123, 4*q + 2*w - 84 = -2*w. Calculate the highest common factor of l and q.
12
Let d(j) be the third derivative of 13*j**4/24 + 7*j**3/6 + 2*j**2. Let s be d(5). Calculate the highest common factor of 9 and s.
9
Let c(s) = -13*s**3 - s**2 - s - 1. Let p be c(-1). What is the highest common factor of 8 and p?
4
Let m(c) = 2*c**3 + 10*c**2 - 2*c - 5. Let q be m(-5). What is the greatest common divisor of 20 and q?
5
Let r = -13 - -22. Suppose r*x = c + 4*x + 24, 3*x = -2*c - 22. Let t = -8 - c. What is the greatest common divisor of t and 60?
6
Let p(t) = -6*t + 1. Let n be p(-2). Let z = -6 - -9. Suppose z*v - 26 = v. What is the greatest common divisor of n and v?
13
Suppose 4*d = 3*d - 3*n - 11, 2*d - n + 8 = 0. Let h = d - -16. Let u = 27 + -5. Calculate the highest common divisor of u and h.
11
Suppose -4*r - 4 + 24 = 0. Let w(q) = -1 + 2*q + 6*q**3 - 1 + 0*q - 5*q**3 + 4*q**2. Let c be w(-3). Calculate the greatest common factor of c and r.
1
Let w be (-6)/3 - (-7 - -1). Suppose 2 = w*t - 2. Calculate the highest common divisor of t and 7.
1
Suppose -6*l + 40 = -2*l. Suppose -y = -3*y. Suppose y*z + z + 4*c = 18, 3*z - 36 = -3*c. What is the greatest common factor of z and l?
10
Let o = 5 - 1. Let q be (o/(-2) - 0)*21. Let f = q - -87. Calculate the highest common factor of 15 and f.
15
Let p(o) = -o**3 + o**2 - o + 10. Let t be p(0). Suppose 5*i - i - 24 = 0. Let r = t - i. What is the highest common divisor of 2 and r?
2
Let i be 2*(-6)/(-4) + 2. Let z = -2 + i. Suppose j - 2*u - 28 = -z*j, -2*j + 20 = 2*u. Calculate the greatest common divisor of 8 and j.
8
Let n = 36 - 35. What is the greatest common divisor of 1 and n?
1
Let l(t) = t**2 + 6*t - 2. Let f be l(-5). Let h be (f/4)/(8/(-64)). What is the greatest common factor of h and 42?
14
Let m(f) = f**2 + f + 63. Let w be m(0). Let d be 111/15 + 2/(-5). What is the greatest common divisor of d and w?
7
Let k(l) = 8*l - 5. Let g be k(1). Calculate the greatest common factor of g and 24.
3
Let a(i) = -24*i. Let x be a(-1). Suppose 4*d - 10 = 2*v, 2*v - 9 - 2 = -3*d. Suppose -d*z = -z - x. Calculate the greatest common factor of 48 and z.
12
Let p be ((-2)/(-5))/((-1)/10). Let x be (-4)/8 - 18/p. What is the greatest common divisor of 2 and x?
2
Let z(v) = -6*v - 2*v**2 + 0*v - v**3 + 10*v**2 + 8. Let k be z(6). Let x = k + -12. What is the greatest common divisor of 8 and x?
8
Let f = 4 + -4. Suppose f = -2*x + 10 + 8. Calculate the highest common factor of 9 and x.
9
Suppose 5*c - 3*s - 28 = 0, 3*c + c - 5*s - 25 = 0. Suppose 7*k - 15*k = -200. What is the greatest common divisor of k and c?
5
Let g be ((-20)/6)/(6/(-9)). Suppose 11 = g*m - 14. Calculate the greatest common factor of m and 5.
5
Let n(f) = -f**2 - 4*f - 1. Let q be n(-5). Let a be 22/33 - 62/q. What is the highest common divisor of a and 55?
11
Let p be 6 - 4 - (0 + -3). What is the greatest common divisor of p and 115?
5
Let y be 3/18 + 29/6. Suppose 4*q = -20, k - 3*q = -3*k + 19. Let g = 0 + k. Calculate the highest common divisor of g and y.
1
Let n be (-18)/(-30) + (-72)/(-5). What is the greatest common factor of 135 and n?
15
Let y be (-8)/6 - 1344/(-36). Calculate the highest common divisor of y and 288.
36
Let r = -13 + 9. Suppose -3*k + 6 = 0, 0 = -z - 0*k - 3*k + 1. Let a be (2/r)/(z/20). Calculate the highest common divisor of a and 22.
2
Let j = 21 + -14. Suppose j*l - l = 972. Calculate the highest common factor of l and 18.
18
Suppose -3*a + 43 = 2*d, 0 = 7*a - 4*a - 3*d - 33. What is the highest common factor of 78 and a?
13
Let m be (-110)/(-4) - (-1)/2. Let l be (0/(-3))/(2 - 1). Let g be l/2 - (-34 - 8). What is the highest common factor of g and m?
14
Suppose p - 43 = -10. Suppose 0 = h - 4*x - 10, 15 = 4*x + x. What is the greatest common factor of p and h?
11
Suppose 32 = n + 4. Suppose -2*k + n = -172. Suppose -l + 28 = x, 3*x - l = -0*l + k. What is the highest common divisor of 4 and x?
4
Let m = -5 - -7. Suppose 0*g - g = -3*d + 3, 3*g = -m*d + 35. What is the highest common divisor of g and 3?
3
Let k(v) = 25*v + 79. Let s be k(10). What is the greatest common factor of 47 and s?
47
Let i(z) = 9*z**2 - z - 2. Let p be i(2). What is the highest common divisor of p and 288?
32
Let f(s) = -4*s - 8. Let m be f(-7). What is the highest common factor of m and 50?
10
Suppose -2*u = 5*r - 31, -5*u + 2*r + 2*r - 5 = 0. Let f = 6 - u. Suppose -c = f*a - 163 - 216, 2*a + c = 253. What is the highest common divisor of a and 14?
14
Let d(j) = j**3 + 4*j**2 + 2*j - 2. Suppose 0 = -x - 3*y, 3*y = 4*x + 12 + 3. Let n be d(x). Calculate the greatest common factor of n and 5.
1
Let x = -19 - -31. Suppose -x = -3*j + 24. Suppose 0 = -k + 13 + j. What is the highest common divisor of k and 10?
5
Suppose 3*j - 50 - 55 = 0. What is the greatest common factor of 7 and j?
7
Suppose -4*m = -8 - 4. Suppose m*o + 2*r - 2 = 195, -2*r = 2*o - 134. What is the highest common divisor of o and 9?
9
Let i = -7 - -12. Suppose 0 = -i*v, -14 = 3*l + 3*v - 5. Let t be (6 - 0) + 5 + l. What is the highest common factor of t and 20?
4
Suppose -36 + 127 = 4*c - 5*z, -4*c = -2*z - 94. Calculate the greatest common divisor of 16 and c.
8
Let s = 26 + -18. What is the greatest common factor of 16 and s?
8
Let k(b) = b + 2. Let i be k(5). Suppose 0 = 372*l - 378*l + 6. Calculate the greatest common divisor of i and l.
1
Let n = 147 + 18. Suppose n = k + 2*k. What is the greatest common divisor of 5 and k?
5
Let c(p) = p - 13. Let y(w) = -w + 7. Let z(f) = 4*c(f) + 7*y(f). Let v be z(-9). What is the highest common factor of 12 and v?
12
Suppose -5*n - 5*u + 155 = 0, 3 - 10 = -n + 5*u. Suppose 21 + n = -3*b. Let x = 27 + b. What is the highest common factor of x and 99?
11
Let k be 3*1*4/(-3). Let g = 14 + k. What is the highest common factor of 4 and g?
2
Suppose -5*w + 10 = -110. Let m be w + -2 + 0 + 2. Suppose -4*f + 88 = 5*h, 2*h - 2*f = f + 26. What is the greatest common divisor of h and m?
8
Suppose 0*k - 5*k = 155. Let d = -21 - k. Calculate the highest common divisor of 10 and d.
10
Suppose 0 = 2*s + 4 - 52. What is the highest common divisor of s and 24?
24
Let h be (-4)/22 - (-4)/22. Suppose h = -2*s - 3*s + 440. Let x = 0 + 8. Calculate the greatest common divisor of s and x.
8
Suppose -3*r + 1 + 5 = 0. Suppose -3*k + 111 = -r*p, -4*p - p + 171 = 4*k. Calculate the greatest common factor of 13 and k.
13
Let z be -6*(-3 - ((-30)/9 + 4)). What is the highest common factor of 198 and z?
22
Let c(f) = -3*f**2 - 4*f**3 - 3*f**3 + 3*f**3 - 3*f + 3*f**3. Let q be c(-2). What is the greatest common divisor of q and 16?
2
Let j = 15 + -2. Let b = 68 - j. What is the greatest common divisor of 11 and b?
11
Let a be ((-10)/(-3))/((-8)/(-84)). What is the highest common divisor of 21 and a?
7
Let l be (-1 - -10)*110/6. Calculate the highest common factor of 15 and 